3
Suppose 5*i = 5*h - 6355, -5*i = 5*h - 0*i - 6375. What is the remainder when h is divided by 22?
19
Suppose 377 = 7*c - 106. Calculate the remainder when 344 is divided by c.
68
Let r(d) = 2*d**2 + 24*d + 26. Calculate the remainder when 176 is divided by r(-12).
20
Let j(h) = -208*h - 19. Calculate the remainder when j(-6) is divided by 82.
81
Suppose 6 = -d - 4*c - 17, -c + 75 = -4*d. Let q = d - -18. Calculate the remainder when (-1 - (4 + 6))*q is divided by 7.
4
Let o = 446 + -343. What is the remainder when o is divided by 26?
25
Suppose -3*g - 18*v = -15*v - 348, 0 = -3*g - v + 352. Calculate the remainder when g is divided by 30.
28
Suppose 2*q - 21 + 13 = 0. Suppose -2*y = p - 5, -q*y + 9*y = 3*p - 70. Calculate the remainder when 59 is divided by p.
14
Let u = -4 + 8. Suppose 0 = -2*q + u + 2. Suppose 3*p - 73 = -v, -4*p + 56 = -2*p - q*v. Calculate the remainder when 74 is divided by p.
24
Let y(r) = -4*r + 39. Suppose -15*m + 10 = -13*m. Calculate the remainder when y(m) is divided by 11.
8
Let n = 157 - 153. Let c(a) = 3*a - 9. Let d = -5 - -11. Calculate the remainder when c(d) is divided by n.
1
Suppose -3*k + 200*o = 204*o - 124, 0 = -4*k + 4*o + 128. What is the remainder when 106 is divided by k?
34
Suppose 3*k + x - 53 = 0, k + x = -x + 11. Calculate the remainder when k is divided by 10.
9
Let z = 27 - 6. Suppose -16*c = -z*c + 135. What is the remainder when c is divided by 7?
6
What is the remainder when 74 is divided by ((2 + 3)/(-5))/((-9)/216)?
2
Suppose 4*a - 400 = 5*u, -3*a + u = -4*a + 91. Suppose 0*p = 5*p - a. Let w(l) = -14*l - 10. Calculate the remainder when w(-6) is divided by p.
17
Calculate the remainder when 2/(-3 + (-442)/(-146)) is divided by (38 - 1)*(-9 + 5)/(-4).
36
Suppose -14*y + 2575 = -6777. Calculate the remainder when y is divided by 16.
12
Let d = -2419 - -2614. What is the remainder when 206 is divided by d?
11
Let q(r) = -r**2 + 3*r + 12. Let j be q(5). Suppose -u + 96 = -j*u. Calculate the remainder when 11/((-22)/u) - -3 is divided by 26.
25
Let m(g) = -g**3 - 3*g**2 + 8*g + 28. Calculate the remainder when 83 is divided by m(-4).
11
Let r = -1 - -8. Let z = 7 + r. Let m(a) = -5*a - 40. Calculate the remainder when m(-19) is divided by z.
13
Suppose -3*x = 3*x - 396. Calculate the remainder when x is divided by 19.
9
Suppose 9*i - 24*i = -1110. Calculate the remainder when i is divided by -15*(8/(-6) + 0).
14
Suppose 4*j = -3*x - 13, -2*j + 3*x - 9 = 4*x. Let c(l) = 14*l - 6. Let a be c(2). Let u = a + j. Calculate the remainder when 28 is divided by u.
13
Suppose -3 = -3*t, -17 = -2*z - 3*t - 0*t. Suppose -5*v - 16 = -z*v. Calculate the remainder when 13 is divided by v.
5
Let t = 1540 + -1426. Calculate the remainder when t is divided by 63.
51
Let f = -1115 + 1232. Calculate the remainder when f is divided by 17.
15
Calculate the remainder when 138 is divided by 6154/119 + 2/7.
34
Let s(u) = 144*u + 7. Let f be s(5). Suppose 4*y - f = 153. Suppose -5*c = -y + 70. Calculate the remainder when c is divided by 11.
8
Let d(g) be the second derivative of g**4/6 - 5*g**3/3 + 19*g**2/2 - 31*g. What is the remainder when 85 is divided by d(4)?
8
Suppose 4*a - 169 = -61. Let r(k) = -k**3 + 3*k - 4. Calculate the remainder when a is divided by r(-3).
13
Let t = 28 + 19. Calculate the remainder when 231 is divided by t.
43
Suppose 36 = r + k - 6*k, 5*k - 10 = 0. What is the remainder when r is divided by 10?
6
Let k(z) = -3*z**3 - 2*z - 2. Let f be k(-1). What is the remainder when 4 is divided by 1/f*(4 - -5)?
1
Suppose k - 5*n = -0*n + 48, -4*k + 4*n = -128. What is the remainder when 418/6 - (-11 + (-319)/(-33)) is divided by k?
15
Let f = 46 - 38. Suppose -5*x + 15 = 0, 3*c + f = -4*x + 41. Calculate the remainder when 25 is divided by c.
4
Suppose -2*s - 5*v + 4344 = 1533, -3*s = v - 4197. Calculate the remainder when s is divided by 25.
23
Suppose -2*p + 378 = 5*p. Suppose -33 = -2*d - 5*g, 5*d - 2*g = 3*d + p. What is the remainder when 71 is divided by d?
23
Suppose 0 = 2*w - 5*l - 75 - 72, 5*w + 4*l - 351 = 0. Suppose 3*m - 15 = 0, -k + 0*k - 3*m + 14 = 0. What is the remainder when w is divided by 26 - (1/1 - k)?
23
What is the remainder when 157 is divided by (72/15)/((-45)/(-375))?
37
Suppose -5*l = -2*u - 154, -l + 6*l = -3*u + 144. Suppose 3*p - l = -0*p. Suppose 0 = -0*m + m - p. Calculate the remainder when 38 is divided by m.
8
Let x = 15 - 11. Suppose -5*w - 5*i + 30 = 0, -x*w + i + 34 = 3*i. Suppose -54 - 30 = -4*h. Calculate the remainder when h is divided by w.
10
Let y(i) = -7*i + 15. Calculate the remainder when (4/(-6))/(6/(-711)) is divided by y(1).
7
Suppose -24 = -i - 2*i + 3*b, 21 = 2*i - 3*b. Let u be 4/6*(3 + 0). Suppose -4*t = -i*t - u. What is the remainder when 4 is divided by t?
0
Let w be 2/(-5) + (-2072)/20. Let c = -23 - w. Let z = 160 - c. Calculate the remainder when z is divided by 20.
19
Calculate the remainder when ((-7)/14*332)/(-1) is divided by 21.
19
Suppose -3*x + b = -169, 5*b = -34*x + 38*x - 229. Calculate the remainder when 111 is divided by x.
55
Let a = 293 + -226. Let s(k) be the third derivative of 17*k**5/60 - k**4/24 + k**3/6 + 3*k**2. What is the remainder when a is divided by s(1)?
16
Let x(j) = -j**3 - j**2 - 5*j + 16. What is the remainder when 74 is divided by x(0)?
10
Let x(f) = 6*f**3 - 23*f**2 + 3*f - 1. Calculate the remainder when 71 is divided by x(4).
17
What is the remainder when 98*(-1 + (-9)/(-6)) is divided by 13?
10
Suppose m + 2 = 46. Suppose -18*b = -22*b + m. Suppose -4*w - j + 33 = 0, -2*j + 5 = -j. What is the remainder when b is divided by w?
4
Let t(m) = m**2 + m + 9. Let q = -8 + 21. Let o = -13 + q. Calculate the remainder when 16 is divided by t(o).
7
Suppose 5*o - 45 = 5*d, 20 = 2*d - 6*d. Let k(m) = -8*m - 1. What is the remainder when k(-3) is divided by o?
3
Suppose o - 3 = -1. Suppose -5*r = -25, o*r = -5*q - r + 95. Let i = 2 + 3. Calculate the remainder when q is divided by i.
1
Let w(x) = x**3 + 13*x**2 + 8*x - 25. What is the remainder when 63 is divided by w(-12)?
17
Let n = 4 - 2. Suppose -4*j = -66 - 34. Suppose -n*b + 35 = -3*r - 0*r, 0 = -5*r - j. Calculate the remainder when b is divided by 6.
4
Let m = 1231 - 1144. Calculate the remainder when m is divided by 36.
15
Let m(d) = -18*d + 208. Calculate the remainder when 65 is divided by m(11).
5
Calculate the remainder when 128 is divided by ((-2)/(-2) - 11)*(-364)/56.
63
Let i = 279 - 275. Calculate the remainder when 112 is divided by i.
0
Suppose 120 = -3*z + 8*z. Let y = 26 + z. Calculate the remainder when y is divided by 17.
16
Suppose -2*v + 10 = 2*f, 0*f - 4*f = -5*v - 20. Suppose -50 = 3*w - f*w. Let b = w - 20. Calculate the remainder when 7 is divided by b.
2
Suppose 4*n + 9 = 7*n. Suppose k + 4 = -3*k, n*k + 28 = 5*f. What is the remainder when -10*(1 + (-11)/5) is divided by f?
2
Suppose -11 = -2*d - 3, 5*d + 50 = 5*m. Let z(g) = g**3 + 7*g**2 - 5*g + 6. What is the remainder when z(-7) is divided by m?
13
Let z = 39 - 26. What is the remainder when 16 is divided by z?
3
Suppose 1 = w - 9. Let o = -6 - -23. Let z = 34 - o. What is the remainder when z is divided by w?
7
Calculate the remainder when (-194)/(-5)*2 - (-22)/55 is divided by 28.
22
Let r = 33 - -5. Let q = r - -7. Suppose -q = -4*t + 7. Calculate the remainder when t is divided by 8.
5
Let z = 3 - 1. Suppose 5*c - 4*l - 3 = 7, z*l = 2*c - 4. Suppose 5*b + i + c*i = 306, i = -3*b + 186. Calculate the remainder when b is divided by 16.
15
Let k = 1098 + -798. Calculate the remainder when k is divided by 44.
36
Let q be (-1084)/(-18) + (-8)/36 + 0. Suppose -q = 8*s - 12*s. Calculate the remainder when s is divided by 6.
3
Let w(m) = -m**3 - 17*m**2 + m + 21. Let b be w(-17). Let y(g) = -4 + 0*g - g + g**2 + 1. What is the remainder when 17 is divided by y(b)?
8
Let w(x) = -x**2 + 16*x + 1. Let b be w(13). Suppose 0 = -4*t - b + 108. Let q = t - -1. Calculate the remainder when 33 is divided by q.
15
Let d(o) = o**2 + 11*o - 7. Suppose 4 = s - 29. Let u = s + -19. Calculate the remainder when d(4) is divided by u.
11
Suppose -3*l + 169 = 2*m, 18*m - 3*l = 15*m + 246. What is the remainder when m is divided by 18?
11
Let a = -90 + 96. Suppose 134 - 14 = a*v. What is the remai